{"id":2,"date":"2020-01-10T09:10:57","date_gmt":"2020-01-10T09:10:57","guid":{"rendered":"https:\/\/aautozlom.pl\/blog\/?page_id=2"},"modified":"2020-01-10T08:32:22","modified_gmt":"2020-01-10T08:32:22","slug":"about","status":"publish","type":"page","link":"https:\/\/aautozlom.pl\/blog\/about\/","title":{"rendered":"Nasza oferta"},"content":{"rendered":"<p>This is an example of a WordPress page, you could edit this to put information about yourself or your site so readers know where you are coming from. You can create as many pages like this one or sub-pages as you like and manage all of your content inside of WordPress.<\/p>\n","protected":false},"excerpt":{"rendered":"<p>This is an example of a WordPress page, you could edit this to put information about yourself or your site so readers know where you are coming from. You can create as many pages like this one or sub-pages as <a href=\"https:\/\/aautozlom.pl\/blog\/about\/\" class=\"read-more\">Czytaj wi\u0119cej<\/a><\/p>\n","protected":false},"author":1,"featured_media":0,"parent":0,"menu_order":0,"comment_status":"open","ping_status":"open","template":"","meta":{"footnotes":""},"yoast_head":"<!-- This site is optimized with the Yoast SEO plugin v23.0 - https:\/\/yoast.com\/wordpress\/plugins\/seo\/ -->\n<title>Nasza oferta - Blog auto z\u0142omu<\/title>\n<meta name=\"robots\" content=\"noindex, follow\" \/>\n<meta property=\"og:locale\" content=\"pl_PL\" \/>\n<meta property=\"og:type\" content=\"article\" \/>\n<meta property=\"og:title\" content=\"Nasza oferta - Blog auto z\u0142omu\" \/>\n<meta property=\"og:description\" content=\"This is an example of a WordPress page, you could edit this to put information about yourself or your site so readers know where you are coming from. You can create as many pages like this one or sub-pages as Czytaj wi\u0119cej\" \/>\n<meta property=\"og:url\" content=\"https:\/\/aautozlom.pl\/blog\/about\/\" \/>\n<meta property=\"og:site_name\" content=\"Blog auto z\u0142omu\" \/>\n<meta property=\"article:modified_time\" content=\"2020-01-10T08:32:22+00:00\" \/>\n<meta name=\"twitter:card\" content=\"summary_large_image\" \/>\n<script type=\"application\/ld+json\" class=\"yoast-schema-graph\">{\"@context\":\"https:\/\/schema.org\",\"@graph\":[{\"@type\":\"WebPage\",\"@id\":\"https:\/\/aautozlom.pl\/blog\/about\/\",\"url\":\"https:\/\/aautozlom.pl\/blog\/about\/\",\"name\":\"Nasza oferta - Blog auto z\u0142omu\",\"isPartOf\":{\"@id\":\"https:\/\/aautozlom.pl\/blog\/#website\"},\"datePublished\":\"2020-01-10T09:10:57+00:00\",\"dateModified\":\"2020-01-10T08:32:22+00:00\",\"breadcrumb\":{\"@id\":\"https:\/\/aautozlom.pl\/blog\/about\/#breadcrumb\"},\"inLanguage\":\"pl-PL\",\"potentialAction\":[{\"@type\":\"ReadAction\",\"target\":[\"https:\/\/aautozlom.pl\/blog\/about\/\"]}]},{\"@type\":\"BreadcrumbList\",\"@id\":\"https:\/\/aautozlom.pl\/blog\/about\/#breadcrumb\",\"itemListElement\":[{\"@type\":\"ListItem\",\"position\":1,\"name\":\"Strona g\u0142\u00f3wna\",\"item\":\"https:\/\/aautozlom.pl\/blog\/\"},{\"@type\":\"ListItem\",\"position\":2,\"name\":\"Nasza oferta\"}]},{\"@type\":\"WebSite\",\"@id\":\"https:\/\/aautozlom.pl\/blog\/#website\",\"url\":\"https:\/\/aautozlom.pl\/blog\/\",\"name\":\"Blog auto z\u0142omu\",\"description\":\"Informacje na temat z\u0142omowania i kasacji pojazd\u00f3w\",\"publisher\":{\"@id\":\"https:\/\/aautozlom.pl\/blog\/#organization\"},\"potentialAction\":[{\"@type\":\"SearchAction\",\"target\":{\"@type\":\"EntryPoint\",\"urlTemplate\":\"https:\/\/aautozlom.pl\/blog\/?s={search_term_string}\"},\"query-input\":\"required name=search_term_string\"}],\"inLanguage\":\"pl-PL\"},{\"@type\":\"Organization\",\"@id\":\"https:\/\/aautozlom.pl\/blog\/#organization\",\"name\":\"Blog auto z\u0142omu\",\"url\":\"https:\/\/aautozlom.pl\/blog\/\",\"logo\":{\"@type\":\"ImageObject\",\"inLanguage\":\"pl-PL\",\"@id\":\"https:\/\/aautozlom.pl\/blog\/#\/schema\/logo\/image\/\",\"url\":\"https:\/\/aautozlom.pl\/blog\/wp-content\/uploads\/2024\/07\/LOGO.jpg\",\"contentUrl\":\"https:\/\/aautozlom.pl\/blog\/wp-content\/uploads\/2024\/07\/LOGO.jpg\",\"width\":1216,\"height\":739,\"caption\":\"Blog auto z\u0142omu\"},\"image\":{\"@id\":\"https:\/\/aautozlom.pl\/blog\/#\/schema\/logo\/image\/\"}}]}<\/script>\n<!-- \/ Yoast SEO plugin. -->","yoast_head_json":{"title":"Nasza oferta - Blog auto z\u0142omu","robots":{"index":"noindex","follow":"follow"},"og_locale":"pl_PL","og_type":"article","og_title":"Nasza oferta - Blog auto z\u0142omu","og_description":"This is an example of a WordPress page, you could edit this to put information about yourself or your site so readers know where you are coming from. You can create as many pages like this one or sub-pages as Czytaj wi\u0119cej","og_url":"https:\/\/aautozlom.pl\/blog\/about\/","og_site_name":"Blog auto z\u0142omu","article_modified_time":"2020-01-10T08:32:22+00:00","twitter_card":"summary_large_image","schema":{"@context":"https:\/\/schema.org","@graph":[{"@type":"WebPage","@id":"https:\/\/aautozlom.pl\/blog\/about\/","url":"https:\/\/aautozlom.pl\/blog\/about\/","name":"Nasza oferta - Blog auto z\u0142omu","isPartOf":{"@id":"https:\/\/aautozlom.pl\/blog\/#website"},"datePublished":"2020-01-10T09:10:57+00:00","dateModified":"2020-01-10T08:32:22+00:00","breadcrumb":{"@id":"https:\/\/aautozlom.pl\/blog\/about\/#breadcrumb"},"inLanguage":"pl-PL","potentialAction":[{"@type":"ReadAction","target":["https:\/\/aautozlom.pl\/blog\/about\/"]}]},{"@type":"BreadcrumbList","@id":"https:\/\/aautozlom.pl\/blog\/about\/#breadcrumb","itemListElement":[{"@type":"ListItem","position":1,"name":"Strona g\u0142\u00f3wna","item":"https:\/\/aautozlom.pl\/blog\/"},{"@type":"ListItem","position":2,"name":"Nasza oferta"}]},{"@type":"WebSite","@id":"https:\/\/aautozlom.pl\/blog\/#website","url":"https:\/\/aautozlom.pl\/blog\/","name":"Blog auto z\u0142omu","description":"Informacje na temat z\u0142omowania i kasacji pojazd\u00f3w","publisher":{"@id":"https:\/\/aautozlom.pl\/blog\/#organization"},"potentialAction":[{"@type":"SearchAction","target":{"@type":"EntryPoint","urlTemplate":"https:\/\/aautozlom.pl\/blog\/?s={search_term_string}"},"query-input":"required name=search_term_string"}],"inLanguage":"pl-PL"},{"@type":"Organization","@id":"https:\/\/aautozlom.pl\/blog\/#organization","name":"Blog auto z\u0142omu","url":"https:\/\/aautozlom.pl\/blog\/","logo":{"@type":"ImageObject","inLanguage":"pl-PL","@id":"https:\/\/aautozlom.pl\/blog\/#\/schema\/logo\/image\/","url":"https:\/\/aautozlom.pl\/blog\/wp-content\/uploads\/2024\/07\/LOGO.jpg","contentUrl":"https:\/\/aautozlom.pl\/blog\/wp-content\/uploads\/2024\/07\/LOGO.jpg","width":1216,"height":739,"caption":"Blog auto z\u0142omu"},"image":{"@id":"https:\/\/aautozlom.pl\/blog\/#\/schema\/logo\/image\/"}}]}},"_links":{"self":[{"href":"https:\/\/aautozlom.pl\/blog\/wp-json\/wp\/v2\/pages\/2"}],"collection":[{"href":"https:\/\/aautozlom.pl\/blog\/wp-json\/wp\/v2\/pages"}],"about":[{"href":"https:\/\/aautozlom.pl\/blog\/wp-json\/wp\/v2\/types\/page"}],"author":[{"embeddable":true,"href":"https:\/\/aautozlom.pl\/blog\/wp-json\/wp\/v2\/users\/1"}],"replies":[{"embeddable":true,"href":"https:\/\/aautozlom.pl\/blog\/wp-json\/wp\/v2\/comments?post=2"}],"version-history":[{"count":1,"href":"https:\/\/aautozlom.pl\/blog\/wp-json\/wp\/v2\/pages\/2\/revisions"}],"predecessor-version":[{"id":19,"href":"https:\/\/aautozlom.pl\/blog\/wp-json\/wp\/v2\/pages\/2\/revisions\/19"}],"wp:attachment":[{"href":"https:\/\/aautozlom.pl\/blog\/wp-json\/wp\/v2\/media?parent=2"}],"curies":[{"name":"wp","href":"https:\/\/api.w.org\/{rel}","templated":true}]}}